{"id":255,"date":"2020-10-27T15:44:38","date_gmt":"2020-10-27T14:44:38","guid":{"rendered":"http:\/\/mielke.wortundbild-berlin.de\/?page_id=255"},"modified":"2026-03-02T10:23:47","modified_gmt":"2026-03-02T09:23:47","slug":"buchhaltung","status":"publish","type":"page","link":"https:\/\/mmielke.de\/index.php\/leistungen\/buchhaltung\/","title":{"rendered":"Buchhaltung"},"content":{"rendered":"\t\t<div data-elementor-type=\"wp-page\" data-elementor-id=\"255\" class=\"elementor elementor-255\">\n\t\t\t\t\t\t<section class=\"elementor-section elementor-top-section elementor-element elementor-element-29c3053 elementor-section-boxed elementor-section-height-default elementor-section-height-default\" data-id=\"29c3053\" data-element_type=\"section\" data-e-type=\"section\">\n\t\t\t\t\t\t<div class=\"elementor-container elementor-column-gap-default\">\n\t\t\t\t\t<div class=\"elementor-column elementor-col-100 elementor-top-column elementor-element elementor-element-a52ba3f\" data-id=\"a52ba3f\" data-element_type=\"column\" data-e-type=\"column\">\n\t\t\t<div class=\"elementor-widget-wrap elementor-element-populated\">\n\t\t\t\t\t\t<div class=\"elementor-element elementor-element-393b7fa elementor-widget elementor-widget-heading\" data-id=\"393b7fa\" data-element_type=\"widget\" data-e-type=\"widget\" data-widget_type=\"heading.default\">\n\t\t\t\t<div class=\"elementor-widget-container\">\n\t\t\t\t\t<h2 class=\"elementor-heading-title elementor-size-default\">Finanzbuchhaltung<\/h2>\t\t\t\t<\/div>\n\t\t\t\t<\/div>\n\t\t\t\t\t<\/div>\n\t\t<\/div>\n\t\t\t\t\t<\/div>\n\t\t<\/section>\n\t\t\t\t<section class=\"elementor-section elementor-top-section elementor-element elementor-element-88fb596 elementor-section-boxed elementor-section-height-default elementor-section-height-default\" data-id=\"88fb596\" data-element_type=\"section\" data-e-type=\"section\">\n\t\t\t\t\t\t<div class=\"elementor-container elementor-column-gap-default\">\n\t\t\t\t\t<div class=\"elementor-column elementor-col-50 elementor-top-column elementor-element elementor-element-7fd65c6\" data-id=\"7fd65c6\" data-element_type=\"column\" data-e-type=\"column\">\n\t\t\t<div class=\"elementor-widget-wrap elementor-element-populated\">\n\t\t\t\t\t\t<div class=\"elementor-element elementor-element-3ed0ba9 elementor-widget elementor-widget-text-editor\" data-id=\"3ed0ba9\" data-element_type=\"widget\" data-e-type=\"widget\" data-widget_type=\"text-editor.default\">\n\t\t\t\t<div class=\"elementor-widget-container\">\n\t\t\t\t\t\t\t\t\t<div class=\"ce_text g8 block\">\n<p>Die Finanzbuchhaltung ist ein wesentlicher Teil des betrieblichen Rechnungswesens \u2013 alle Gesch\u00e4ftsvorg\u00e4nge, die sich in Zahlen ausdr\u00fccken lassen, werden hier mit den Methoden der Buchf\u00fchrung erfasst. Die Buchf\u00fchrung bezeichnet dabei die planm\u00e4\u00dfige und l\u00fcckenlose Aufzeichnung aller Gesch\u00e4ftsvorf\u00e4lle. Die Aufstellung erfolgt im zeitlichen Ablauf, die Werte werden inhalts- und zahlenm\u00e4\u00dfig beschrieben.<\/p>\n<p>Die Buchf\u00fchrungspflicht begr\u00fcndet sich handelsrechtlich aus \u00a7\u00a7 238 ff. HGB und steuerrechtlich aus \u00a7\u00a7 140 ff. AO sowie verschiedenen Sondervorschriften. Die Buchf\u00fchrung hat dabei den Grunds\u00e4tzen ordnungsgem\u00e4\u00dfer Buchf\u00fchrung (GoB) zu gen\u00fcgen. Diese sind gewahrt, wenn die Eintragungen fortlaufend, vollst\u00e4ndig und richtig erfolgen und\u00a0 sich ein sachverst\u00e4ndiger Dritter innerhalb einer angemessenen Zeit einen \u00dcberblick \u00fcber die Entstehung und Abwicklung der Gesch\u00e4ftsvorf\u00e4lle und \u00fcber die Lage des Unternehmens verschaffen kann (\u00a7 238 I HGB).<\/p>\n<p>Hauptaufgabe der Buchf\u00fchrung ist die Erfolgsermittlung \u2013 Sie sollen sehen, wie es um Ihr Unternehmen steht. Dazu werden Aufwendungen und Ertr\u00e4ge Ihres Unternehmens in der Gewinn- und Verlustrechnung gegen\u00fcbergestellt sowie in der Bilanz die Verm\u00f6gens- und Finanzlage und deren Ver\u00e4nderung auf Basis der Inventur abgebildet.<\/p>\n<p>Neben der Ermittlung des Unternehmenserfolgs hat die Buchhaltung noch weitere Funktionen. In erster Linie bildet sie die Grundlage f\u00fcr die Unternehmensbesteuerung. Daneben ist Sie Ihr Werkzeug, um die Entwicklung des Umsatzes zu beobachten, Kapital- und Schuldenverh\u00e4ltnisse aufzuzeigen und nat\u00fcrlich auch das Zahlenmaterial f\u00fcr Selbstkostenrechnung, Statistik und Planung zu liefern.<\/p>\n<p>Wir \u00fcbernehmen in der Buchf\u00fchrung gern folgende Arbeiten f\u00fcr Sie:<\/p>\n<ul>\n<li>Erstellen von Er\u00f6ffnungsinventar und Er\u00f6ffnungsbilanz<\/li>\n<li>Aufstellen eines auf Ihr Unternehmen zugeschnittenen Kontenplans<\/li>\n<li>Vorbereitung der B\u00fccher und Konten<\/li>\n<li>Verbuchen aller anfallenden Gesch\u00e4ftsvorf\u00e4lle aufgrund der von Ihnen eingereichten Belege<\/li>\n<li>Erstellen von Probebilanzen und kurzfristigen Erfolgsrechnungen zur Kontrolle der Buchf\u00fchrung<\/li>\n<li>Aufnehmen der Best\u00e4nde Ihres Unternehmens (Inventur)<\/li>\n<li>Abschlie\u00dfen der B\u00fccher und Konten<\/li>\n<li>Erstellen der Gewinn- und Verlustrechnung (Erfolgsrechnung)<\/li>\n<li>Erstellen der Schlussinventur sowie der Schlussbilanz<\/li>\n<\/ul>\n<\/div>\t\t\t\t\t\t\t\t<\/div>\n\t\t\t\t<\/div>\n\t\t\t\t\t<\/div>\n\t\t<\/div>\n\t\t\t\t<div class=\"elementor-column elementor-col-50 elementor-top-column elementor-element elementor-element-06c26c2\" data-id=\"06c26c2\" data-element_type=\"column\" data-e-type=\"column\">\n\t\t\t<div class=\"elementor-widget-wrap elementor-element-populated\">\n\t\t\t\t\t\t<div class=\"elementor-element elementor-element-7637f28 elementor-widget elementor-widget-image\" data-id=\"7637f28\" data-element_type=\"widget\" data-e-type=\"widget\" data-widget_type=\"image.default\">\n\t\t\t\t<div class=\"elementor-widget-container\">\n\t\t\t\t\t\t\t\t\t\t\t\t\t\t\t<img fetchpriority=\"high\" decoding=\"async\" width=\"425\" height=\"282\" src=\"https:\/\/mmielke.de\/wp-content\/uploads\/2020\/10\/Finanzbuchhaltung.jpg\" class=\"attachment-large size-large wp-image-284\" alt=\"\" srcset=\"https:\/\/mmielke.de\/wp-content\/uploads\/2020\/10\/Finanzbuchhaltung.jpg 425w, https:\/\/mmielke.de\/wp-content\/uploads\/2020\/10\/Finanzbuchhaltung-300x199.jpg 300w, https:\/\/mmielke.de\/wp-content\/uploads\/2020\/10\/Finanzbuchhaltung-360x240.jpg 360w\" sizes=\"(max-width: 425px) 100vw, 425px\" \/>\t\t\t\t\t\t\t\t\t\t\t\t\t\t\t<\/div>\n\t\t\t\t<\/div>\n\t\t\t\t<div class=\"elementor-element elementor-element-b61625b elementor-widget elementor-widget-spacer\" data-id=\"b61625b\" data-element_type=\"widget\" data-e-type=\"widget\" data-widget_type=\"spacer.default\">\n\t\t\t\t<div class=\"elementor-widget-container\">\n\t\t\t\t\t\t\t<div class=\"elementor-spacer\">\n\t\t\t<div class=\"elementor-spacer-inner\"><\/div>\n\t\t<\/div>\n\t\t\t\t\t\t<\/div>\n\t\t\t\t<\/div>\n\t\t\t\t<div class=\"elementor-element elementor-element-85de10c elementor-widget elementor-widget-heading\" data-id=\"85de10c\" data-element_type=\"widget\" data-e-type=\"widget\" data-widget_type=\"heading.default\">\n\t\t\t\t<div class=\"elementor-widget-container\">\n\t\t\t\t\t<h4 class=\"elementor-heading-title elementor-size-default\">Leistungs\u00fcbersicht<\/h4>\t\t\t\t<\/div>\n\t\t\t\t<\/div>\n\t\t\t\t<div class=\"elementor-element elementor-element-daa19fa elementor-widget elementor-widget-text-editor\" data-id=\"daa19fa\" data-element_type=\"widget\" data-e-type=\"widget\" data-widget_type=\"text-editor.default\">\n\t\t\t\t<div class=\"elementor-widget-container\">\n\t\t\t\t\t\t\t\t\t<div class=\"ce_text g4last last block\"><div class=\"ce_text g4last last block\"><p>&gt; Finanzbuchhaltung<\/p><p><a href=\"\/index.php\/leistungen\/loehne\/\">&gt; Lohnbuchhaltung und Personal<\/a><\/p><p><a href=\"\/index.php\/leistungen\/jahresabschluss\/\">&gt; Jahresabschl\u00fcsse und Bilanzen<\/a><\/p><p><a href=\"\/index.php\/leistungen\/steuererklaerung\/\">&gt; Steuererkl\u00e4rungen<\/a><\/p><p><a href=\"\/index.php\/leistungen\/betriebspruefung\/\">&gt; Betriebspr\u00fcfungen<\/a><\/p><p><a href=\"\/index.php\/leistungen\/beratung\/\">&gt; Betriebswirtschaftliche Beratung<\/a><\/p><\/div><\/div>\t\t\t\t\t\t\t\t<\/div>\n\t\t\t\t<\/div>\n\t\t\t\t\t<\/div>\n\t\t<\/div>\n\t\t\t\t\t<\/div>\n\t\t<\/section>\n\t\t\t\t<\/div>\n\t\t","protected":false},"excerpt":{"rendered":"<p>Finanzbuchhaltung Die Finanzbuchhaltung ist ein wesentlicher Teil des betrieblichen Rechnungswesens \u2013 alle Gesch\u00e4ftsvorg\u00e4nge, die sich in Zahlen ausdr\u00fccken lassen, werden hier mit den Methoden der Buchf\u00fchrung erfasst. Die Buchf\u00fchrung bezeichnet dabei die planm\u00e4\u00dfige und l\u00fcckenlose Aufzeichnung aller Gesch\u00e4ftsvorf\u00e4lle. Die Aufstellung erfolgt im zeitlichen Ablauf, die Werte werden inhalts- und zahlenm\u00e4\u00dfig<a class=\"moretag\" href=\"https:\/\/mmielke.de\/index.php\/leistungen\/buchhaltung\/\"> Read more<\/a><\/p>\n","protected":false},"author":1,"featured_media":0,"parent":183,"menu_order":0,"comment_status":"closed","ping_status":"closed","template":"","meta":{"footnotes":""},"class_list":["post-255","page","type-page","status-publish","hentry"],"jetpack_sharing_enabled":true,"_links":{"self":[{"href":"https:\/\/mmielke.de\/index.php\/wp-json\/wp\/v2\/pages\/255","targetHints":{"allow":["GET"]}}],"collection":[{"href":"https:\/\/mmielke.de\/index.php\/wp-json\/wp\/v2\/pages"}],"about":[{"href":"https:\/\/mmielke.de\/index.php\/wp-json\/wp\/v2\/types\/page"}],"author":[{"embeddable":true,"href":"https:\/\/mmielke.de\/index.php\/wp-json\/wp\/v2\/users\/1"}],"replies":[{"embeddable":true,"href":"https:\/\/mmielke.de\/index.php\/wp-json\/wp\/v2\/comments?post=255"}],"version-history":[{"count":1,"href":"https:\/\/mmielke.de\/index.php\/wp-json\/wp\/v2\/pages\/255\/revisions"}],"predecessor-version":[{"id":818,"href":"https:\/\/mmielke.de\/index.php\/wp-json\/wp\/v2\/pages\/255\/revisions\/818"}],"up":[{"embeddable":true,"href":"https:\/\/mmielke.de\/index.php\/wp-json\/wp\/v2\/pages\/183"}],"wp:attachment":[{"href":"https:\/\/mmielke.de\/index.php\/wp-json\/wp\/v2\/media?parent=255"}],"curies":[{"name":"wp","href":"https:\/\/api.w.org\/{rel}","templated":true}]}}